{"id":103,"date":"2019-01-04T14:12:19","date_gmt":"2019-01-04T14:12:19","guid":{"rendered":"http:\/\/golf.m-bylebyl.de\/?page_id=103"},"modified":"2026-03-02T12:20:46","modified_gmt":"2026-03-02T12:20:46","slug":"gaeste","status":"publish","type":"page","link":"https:\/\/gc-brilon.de\/?page_id=103","title":{"rendered":"Greenfee"},"content":{"rendered":"<p><span style=\"color: #ff0000;\">Bitte buchen Sie eine Startzeit \u00fcber PC-Caddie <a href=\"https:\/\/gc-brilon.de\/?page_id=682\">hier<\/a><br \/>\n<\/span><\/p>\n<h4>Greenfee &amp; Rangefee<\/h4>\n<p><strong>18-Loch Greenfee:<\/strong><br \/>\nSommergr\u00fcns Wochentags 50,00 \u20ac<br \/>\nWochenende und Feiertage 60,00 \u20ac<\/p>\n<p>Wintergr\u00fcns Wochentags 35,00 \u20ac<br \/>\nWochenende und Feiertage 40,00 \u20ac<br \/>\nErm\u00e4\u00dfigungen:<br \/>\nJugendliche und Studenten 50% auf die aktuellen 18-Loch-Greenfeepreise<br \/>\nSpieler von Partnerclubs erhalten vereinbarte Verg\u00fcnstigungen<\/p>\n<p><strong>9-Loch Greenfee:<\/strong><br \/>\nSommergr\u00fcns Wochentags 35,00 \u20ac<br \/>\nWochenende und Feiertage 40,00 \u20ac<br \/>\nJugendliche und Studenten erhalten 50% Erm\u00e4\u00dfigung.<\/p>\n<p>VCG-Spieler (Verein clubfreier Golfer) Aufgeld 5,00 \u20ac<\/p>\n<p><strong>Anmerkungen:<\/strong><br \/>\nBitte zahlen Sie das Greenfee vor Antritt der Golfrunde und befestigen Sie die Greenfeekarte sichtbar an Ihrer Golftasche.<\/p>\n<p>Au\u00dferhalb der \u00d6ffnungszeiten k\u00f6nnen G\u00e4ste den Greenfeekasten links vom Eingang des Clubhauses f\u00fcr die Greenfeezahlung nutzen.<\/p>\n<p><strong>Weitere Preise:<\/strong><br \/>\nRangefee\u00a0\u00a0 5,00 \u20ac<br \/>\nBallautomat\u00a0 1,00 \u20ac f\u00fcr 16 B\u00e4lle, Geldeinwurf 1,00 \u20ac \/ 2,00 \u20ac f\u00fcr 32 B\u00e4lle, Geldeinwurf 2,00 \u20ac<\/p>\n<p>Leihschl\u00e4gersatz\u00a0 15,00 \u20ac \/Einzelschl\u00e4ger je 3,00\u20ac<\/p>\n<p>Trolly\u00a0 5,00 \u20ac<\/p>\n<p>E-Trolly f\u00fcr 18-Loch 15,00\u20ac \/ f\u00fcr 9-Loch 10,00\u20ac<br \/>\nElektrocar f\u00fcr\u00a0 18-Loch\u00a0 30,00 \u20ac\u00a0\u00a0 \/\u00a0 f\u00fcr\u00a0 9-Loch\u00a0 20,00 \u20ac<\/p>\n<p>Bitte vorher reservieren!<\/p>\n<p><strong>Vereinbarungen mit anderen Golfclubs zur Erm\u00e4\u00dfigung des Greenfees finden Sie hier: <\/strong><a href=\"http:\/\/gc-brilon.de\/?page_id=758\">Greenfee-Erm\u00e4\u00dfigungen<\/a><\/p>\n","protected":false},"excerpt":{"rendered":"<p>Bitte buchen Sie eine Startzeit \u00fcber PC-Caddie hier Greenfee &amp; Rangefee 18-Loch Greenfee: Sommergr\u00fcns Wochentags 50,00 \u20ac Wochenende und Feiertage 60,00 \u20ac Wintergr\u00fcns Wochentags 35,00 \u20ac Wochenende und Feiertage 40,00 \u20ac Erm\u00e4\u00dfigungen: Jugendliche und Studenten 50% auf die aktuellen 18-Loch-Greenfeepreise Spieler von Partnerclubs erhalten vereinbarte Verg\u00fcnstigungen 9-Loch Greenfee: Sommergr\u00fcns Wochentags 35,00 \u20ac Wochenende und Feiertage [&hellip;]<\/p>\n","protected":false},"author":1,"featured_media":0,"parent":0,"menu_order":0,"comment_status":"closed","ping_status":"closed","template":"","meta":{"footnotes":"","_links_to":"","_links_to_target":""},"_links":{"self":[{"href":"https:\/\/gc-brilon.de\/index.php?rest_route=\/wp\/v2\/pages\/103"}],"collection":[{"href":"https:\/\/gc-brilon.de\/index.php?rest_route=\/wp\/v2\/pages"}],"about":[{"href":"https:\/\/gc-brilon.de\/index.php?rest_route=\/wp\/v2\/types\/page"}],"author":[{"embeddable":true,"href":"https:\/\/gc-brilon.de\/index.php?rest_route=\/wp\/v2\/users\/1"}],"replies":[{"embeddable":true,"href":"https:\/\/gc-brilon.de\/index.php?rest_route=%2Fwp%2Fv2%2Fcomments&post=103"}],"version-history":[{"count":27,"href":"https:\/\/gc-brilon.de\/index.php?rest_route=\/wp\/v2\/pages\/103\/revisions"}],"predecessor-version":[{"id":5215,"href":"https:\/\/gc-brilon.de\/index.php?rest_route=\/wp\/v2\/pages\/103\/revisions\/5215"}],"wp:attachment":[{"href":"https:\/\/gc-brilon.de\/index.php?rest_route=%2Fwp%2Fv2%2Fmedia&parent=103"}],"curies":[{"name":"wp","href":"https:\/\/api.w.org\/{rel}","templated":true}]}}